{"id":668,"date":"2025-05-15T09:14:53","date_gmt":"2025-05-15T09:14:53","guid":{"rendered":"https:\/\/www.zkf.zgorzelec.pl\/index.php\/regulamin-2\/"},"modified":"2025-05-16T07:11:54","modified_gmt":"2025-05-16T07:11:54","slug":"regulamin-2","status":"publish","type":"page","link":"https:\/\/www.zkf.zgorzelec.pl\/index.php\/regulamin-2\/","title":{"rendered":"Regulamin"},"content":{"rendered":"\n    \n    <section class=\"u-clearfix u-section-2\" id=\"block-2\">\n      <div class=\"u-clearfix u-sheet u-valign-middle-lg u-valign-middle-md u-valign-middle-sm u-valign-middle-xs u-sheet-1\">\n        <img decoding=\"async\" class=\"u-expanded-width u-image u-image-default u-image-1\" src=\"https:\/\/www.zkf.zgorzelec.pl\/wp-content\/uploads\/2025\/05\/mechagodzilla2-7.png\" alt=\"\" data-image-width=\"921\" data-image-height=\"414\">\n      <\/div>\n    <\/section>\n    <section class=\"u-clearfix u-section-3\" id=\"block-1\">\n      <div class=\"u-clearfix u-sheet u-valign-top-lg u-valign-top-md u-valign-top-sm u-valign-top-xs u-sheet-1\">\n        <h3 class=\"u-align-center u-text u-text-default u-text-1\"><b>REGULAMIN\nZGORZELECKIEGO&nbsp;<\/b>\n          <br><b>KONWENTU FANTASTYCZNEGO&nbsp;<\/b>\n        <\/h3>\n        <p class=\"u-align-left u-text u-text-default u-text-2\"> 1. <span style=\"font-weight: 700;\">Zgorzelecki Konwent Fantastyczny <\/span>to festiwal mi\u0142o\u015bnik\u00f3w literatury, film\u00f3w,&nbsp; fantastyki oraz gier organizowany przez Muzeum \u0141u\u017cyckie w Zgorzelcu w ramach bud\u017cetu obywatelskiego miasta Zgorzelec.&nbsp;<br>\n          <br>2. Ka\u017cdy uczestnik Zgorzeleckiego Konwentu Fantastycznego (zwanego dalej <span style=\"font-weight: 700;\">ZKF<\/span>) rejestruj\u0105c si\u0119 jako uczestnik akceptuje niniejszy regulamin i zobowi\u0105zuje si\u0119 jednocze\u015bnie przestrzega\u0107 jego warunk\u00f3w.&nbsp;<br>\n          <br>3. Ponadto uczestnik wyra\u017ca zgod\u0119 na przetwarzanie, przechowywanie danych osobowych na potrzeby organizacji imprezy, a tak\u017ce czynno\u015bci zwi\u0105zanych z rozliczeniem imprezy z organami publicznymi, do cel\u00f3w statystycznych oraz bezpiecze\u0144stwa.&nbsp;<br>\n          <br>4. Administratorem danych osobowych jest <span style=\"font-weight: 700;\">Muzeum \u0141u\u017cyckie w Zgorzelcu<\/span>, ul. Daszy\u0144skiego 15. 59-900 Zgorzelec, zarejestrowane w rejestrze instytucji kultury miasta Zgorzelec pod numerem 3\nKa\u017cdemu uczestnikowi przys\u0142uguje prawo do usuni\u0119cia oraz edycji swoich danych osobowych.&nbsp;<br>\n          <br>5. Wszystkie osoby uczestnicz\u0105ce w ZKF maj\u0105 <span style=\"font-weight: 700;\">obowi\u0105zek<\/span> zapozna\u0107 si\u0119, zaakceptowa\u0107 i przestrzega\u0107 tre\u015bci niniejszego regulaminu.&nbsp;<br>\n          <br>6. Osoby nie przestrzegaj\u0105ce regulaminu, mog\u0105 zosta\u0107 <span style=\"font-weight: 700;\">usuni\u0119te z terenu<\/span> konwentu bez zwrotu jakichkolwiek koszt\u00f3w. Nieznajomo\u015b\u0107 regulaminu nie zwalnia z ponoszenia ewentualnych konsekwencji wyci\u0105gni\u0119tych wskutek jego nieprzestrzegania.&nbsp;<br>\n          <br>7. Regulamin dost\u0119pny b\u0119dzie: na stronie internetowej www.zkf.zgorzelec.pl\nw punkcie informacyjnym na terenie ZKF.&nbsp;<br>\n          <br>8. ZKF odbywaj\u0105 si\u0119 na t<span style=\"font-weight: 700;\">erenie Miejskiego Domu Kultury w Zgorzelcu, ul. Parkowa 1&nbsp;<\/span>\n          <br>\n          <br>9.Na terenie ZKF uczestnicy mog\u0105 przebywa\u0107 w godzinach trwania punkt\u00f3w programu.\nNa terenie ZKF mog\u0105 przebywa\u0107 jedynie osoby posiadaj\u0105ce <b>bezp\u0142atn\u0105<\/b> akredytacj\u0119 do tego uprawniaj\u0105c\u0105. Akredytacj\u0119 uzyska\u0107 mo\u017cna w punkcie rejestracji przy wej\u015bciu do budynku konwentowego, niezw\u0142ocznie po dotarciu na teren ZKF. Mo\u017cliwa jest r\u00f3wnie\u017c wcze\u015bniejsza akredytacja poprzez stron\u0119 internetow\u0105 Organizatora <b>www.zkf.zgorzelec.pl<\/b>. \nRejestracja poprzez stron\u0119 internetow\u0105 <b>nie zwalnia z obowi\u0105zku<\/b> udania si\u0119 do punktu rejestracji w momencie przybycia na ZKF. W punktach programu mog\u0105 bra\u0107 udzia\u0142 jedynie osoby zaakredytowane.&nbsp;<br>\n          <br>10. W przypadku, gdy Uczestnikiem ZKF jest ma\u0142oletni w wieku poni\u017cej 16 roku \u017cycia,<span style=\"font-weight: 700;\"> mo\u017ce on uczestniczy\u0107 w konwencie wy\u0142\u0105cznie pod opiek\u0105&nbsp; opiekuna prawnego<\/span> lub osoby upowa\u017cnionej na pi\u015bmie przez opiekuna prawnego, kt\u00f3ra przy pierwszym wej\u015bciu na ZKF w punkcie informacyjnym oka\u017ce deklaracj\u0119 o odpowiedzialno\u015bci za osob\u0119 ma\u0142oletni\u0105 (za\u0142\u0105cznik nr 1). Osoba doros\u0142a mo\u017ce by\u0107 opiekunem maksymalnie pi\u0119ciu ma\u0142oletnich os\u00f3b uczestnicz\u0105cych w Imprezie. Nie dotyczy to grup zorganizowanych.&nbsp;<br>\n          <br>11. Osoba niepe\u0142nosprawna, kt\u00f3ra zarejestruje ch\u0119\u0107 udzia\u0142u w imprezie, powinna poinformowa\u0107 organizatora, je\u015bli ten mia\u0142by przygotowa\u0107 udogodnienia umo\u017cliwiaj\u0105ce jej komfortowe korzystanie z atrakcji podczas trwania ZKF. Taka informacja musi zosta\u0107 dostarczona do Organizatora najp\u00f3\u017aniej na 14 dni przed startem ZKF na maila <a href=\"mailto:zkfzgorzelec@gmail.com\" class=\"u-active-none u-border-none u-btn u-button-style u-hover-none u-none u-text-palette-1-base u-btn-1\">zkfzgorzelec@gmail.com<\/a>&nbsp;<br>\n          <br>12. Ka\u017cdy uczestnik zobowi\u0105zany jest nosi\u0107 opask\u0119. Zdj\u0119cie, zdarcie lub inne uszkodzenie opaski mo\u017ce skutkowa\u0107 niewpuszczeniem na teren imprezy lub usuni\u0119ciem z niej. W razie uszkodzenia lub zagubienia opaski nale\u017cy zg\u0142osi\u0107 si\u0119 do punktu rejestracji w celu wydania nowej.&nbsp;<br>\n          <br>13. Ka\u017cda osoba przebywaj\u0105ca na terenie ZKF ma obowi\u0105zek okaza\u0107 opask\u0119 na \u017c\u0105danie, w celu weryfikacji jej uprawnie\u0144 przez Organizatora.&nbsp;<br>\n          <br>14. Osobom nieposiadaj\u0105cym identyfikatora s\u0142u\u017cby porz\u0105dkowe wska\u017c\u0105 najkr\u00f3tsz\u0105 drog\u0119 do wyj\u015bcia.&nbsp;<br>\n          <br>15. Organizatorzy nie odpowiadaj\u0105 za szkody zdrowotne i moralne uczestnik\u00f3w imprezy; ubezpieczenie od nast\u0119pstw nieszcz\u0119\u015bliwych wypadk\u00f3w ka\u017cdy uczestnik winien wykupi\u0107 samodzielnie przed rozpocz\u0119ciem konwentu.&nbsp;<br>\n          <br>16. Na terenie ZKF znajdowa\u0107 si\u0119 b\u0119d\u0105 medycy udzielaj\u0105cy pomocy przedmedycznej w zakresie przys\u0142uguj\u0105cych im kompetencji zawodowych.&nbsp;<br>\n          <br>17. Organizator nie ponosi odpowiedzialno\u015bci za rzeczy pozostawione bez opieki lub zagubione.&nbsp;<br>\n          <br>18. Zabronione jest wnoszenie na teren Zgorzeleckiego Konwentu Fanastycznego :\n- broni w rozumieniu obowi\u0105zuj\u0105cej Ustawy o Broni i Amunicji;\nprzedmiot\u00f3w niebezpiecznych (w tym zabawek ASG, EAG, marker\u00f3w paintball i innych),\n- amunicji do wy\u017cej wymienionych;\n- broni bia\u0142ej (z wyj\u0105tkiem ma\u0142ych no\u017cy oraz tzw. larpowej broni bezpiecznej);\n- broni treningowej (bokken\u00f3w, palcat\u00f3w itp.);\n- materia\u0142\u00f3w wybuchowych;\n- substancji toksycznych, cuchn\u0105cych lub \u0142atwopalnych;\n- \u015brodk\u00f3w odurzaj\u0105cych;\n- innych przedmiot\u00f3w, kt\u00f3rych posiadanie jest zabronione bezwzgl\u0119dnie obowi\u0105zuj\u0105cymi przepisami prawa.&nbsp;<br>\n          <br>19. Przedmioty wymienione w pkt.18&nbsp; wolno wnosi\u0107 wy\u0142\u0105cznie po uzyskaniu pisemnej zgody Koordynatora konwentu, je\u015bli s\u0105 niezb\u0119dne do przeprowadzenia punktu programu. Zgoda wyra\u017cona w formie innej ni\u017c pisemna jest niewa\u017cna.&nbsp;<br>\n          <br>20. Repliki broni oraz zabawki (ASG, AEG), a tak\u017ce markery paintball wolno wnosi\u0107 na teren imprezy, je\u015bli maj\u0105:\n- roz\u0142\u0105czone nap\u0119dy (od\u0142\u0105czone akumulatory, puste zasobniki gazu),\n- zwolnione spr\u0119\u017cyny,\n- puste magazynki i komory nabojowe,\n- bezpieczniki ustawione w pozycji bezpiecznej.\nPowy\u017csze w\u0142a\u015bciwo\u015bci tych przedmiot\u00f3w nale\u017cy utrzymywa\u0107 przez ca\u0142y czas trwania konwentu.&nbsp;<br>\n          <br>21. Podczas trwania ZKF zabronione jest kierowanie broni, jej replik lub zabawek j\u0105 przypominaj\u0105cych czy jakiegokolwiek niebezpiecznego narz\u0119dzia w stron\u0119 innego uczestnika z wyj\u0105tkiem sytuacji, gdy udzieli\u0142 na to wyra\u017an\u0105 zgod\u0119 Koordynator (np. podczas pozowania do zdj\u0119\u0107, czy gier typu larp).&nbsp;<br>\n          <br>22. Uczestnicy ZKF s\u0105 zobowi\u0105zani do zachowania czysto\u015bci i porz\u0105dku na jego terenie oraz na terenie znajduj\u0105cym si\u0119 dooko\u0142a obiekt\u00f3w.&nbsp;<br>\n          <br>23. Na terenie ZKF obowi\u0105zuje ca\u0142kowity zakaz palenia. Palenie dozwolone jest poza terenem obiektu lub w miejscach do tego wyznaczonych przez Organizator\u00f3w.&nbsp;<br>\n          <br>24. Na terenie ZKF obowi\u0105zuje bezwzgl\u0119dny zakaz posiadania i za\u017cywania \u015brodk\u00f3w psychotropowych, psychoaktywnych oraz odurzaj\u0105cych \u2013 w przypadku odnalezienia u uczestnika ww. \u015brodk\u00f3w, nast\u0105pi dyscyplinarne usuni\u0119cie go z terenu konwentu. W ka\u017cdym takim przypadku mo\u017ce zosta\u0107 wezwana Policja.&nbsp;<br>\n          <br>25. Na terenie ZKF obowi\u0105zuje zakaz spo\u017cywania alkoholu poza miejscami do tego wyznaczonymi przez Organizator\u00f3w.&nbsp;<br>\n          <br>26. Ka\u017cdy uczestnik ZKF zobowi\u0105zany jest do kulturalnego zachowania i podporz\u0105dkowania si\u0119 decyzjom Organizator\u00f3w. Zastrze\u017cenia do decyzji Organizator\u00f3w mo\u017cna zg\u0142asza\u0107 Koordynatorom konwentu \u2013 ich decyzja jest ostateczna. W przypadku konfliktu pomi\u0119dzy uczestnikami organem rozstrzygaj\u0105cym jest Koordynator G\u0142\u00f3wny, a jego decyzja jest ostateczna.&nbsp;<br>\n          <br>27. Uczestnicy oraz wszystkie inne osoby, kt\u00f3re znajduj\u0105 si\u0119 na terenie ZKF zobowi\u0105zane s\u0105 stosowa\u0107 si\u0119 do polece\u0144 s\u0142u\u017cb porz\u0105dkowych i organizator\u00f3w.\nUczestnicy i obs\u0142uga ZKF mog\u0105 porusza\u0107 si\u0119 jedynie w ramach wyznaczonych przez Organizatora pomieszcze\u0144.&nbsp;<br>\n          <br>28. Organizator nie ponosi odpowiedzialno\u015bci za szkody poczynione przez uczestnik\u00f3w ZKF. Za wszelkie szkody odpowiedzialno\u015b\u0107 (w tym finansow\u0105 oraz karn\u0105) ponosz\u0105 sprawcy.&nbsp;<br>\n          <br>29. Zabrania si\u0119 prowadzenia bez autoryzacji Organizatora jakiejkolwiek dzia\u0142alno\u015bci handlowej lub innej zarobkowej, a tak\u017ce dzia\u0142alno\u015bci reklamowej oraz promocyjnej na terenie ZKF.&nbsp;<br>\n          <br>30. Wszystkie materia\u0142y reklamowe, kt\u00f3rych obecno\u015b\u0107 na konwencie nie zosta\u0142a uzgodniona z Organizatorem konwentu, zostan\u0105 z terenu imprezy usuni\u0119te wraz z rozprowadzaj\u0105cymi je osobami. Osoby te zostan\u0105 obci\u0105\u017cone kosztem naprawienia ewentualnych szk\u00f3d powsta\u0142ych w wyniku ich dzia\u0142ania.&nbsp;<br>\n          <br>31. Osoby prowadz\u0105ce punkty programu (zwane dalej Prelegentami) zobowi\u0105zane s\u0105 do oddania sali prelekcyjnej w stanie, w jakim zosta\u0142a im wydana. W przypadku uszkodze\u0144 sali stwierdzonych podczas jej wydawania lub u\u017cytkowania, Prelegenci zobowi\u0105zani powiadomi\u0107 o tym Organizator\u00f3w.&nbsp;<br>\n          <br>32. Prelegenci nie mog\u0105 samodzielnie aran\u017cowa\u0107 sal, a tak\u017ce dokonywa\u0107 jakichkolwiek zmian w ustawieniu sprz\u0119tu technicznego bez porozumienia z Organizatorami.&nbsp;<br>\n          <br>33. Nagrodami w konkursach s\u0105 bony z walut\u0105 konwentow\u0105  podlegaj\u0105ce wymianie na nagrody w stoisku z nagrodami \u2013 sklepiku konwentowym. Za niewykorzystan\u0105 walut\u0119 konwentow\u0105 nie przewiduje si\u0119 rekompensaty.&nbsp;<br>\n          <br>34. Organizatorzy nie mog\u0105 bra\u0107 udzia\u0142u w punktach programu, w czasie kt\u00f3rych uczestnicy mog\u0105 otrzyma\u0107 od prowadz\u0105cego dany punkt walut\u0119 konwentow\u0105.&nbsp;<br>\n          <br>35. Na terenie ZKF zabrania si\u0119 rozpowszechniania utwor\u00f3w chronionych prawami autorskimi, w spos\u00f3b, kt\u00f3ry te prawa narusza.\n36. Organizator nie ponosi odpowiedzialno\u015bci i nie uto\u017csamia si\u0119 z opiniami wyg\u0142aszanymi przez uczestnik\u00f3w (w tym Prelegent\u00f3w) podczas trwania konwentu.&nbsp;<br>\n          <br>36.Na terenie ZKF  obowi\u0105zuje bezwzgl\u0119dny zakaz prowadzenia dzia\u0142alno\u015bci politycznej, w szczeg\u00f3lno\u015bci kampanii wyborczych i agitacji politycznej. Osoby, kt\u00f3re nie b\u0119d\u0105 przestrzega\u0107 tego zakazu, mog\u0105 zosta\u0107 usuni\u0119te z terenu konwentu.&nbsp;<br>\n          <br>37. Ka\u017cdy uczestnik zobowi\u0105zany jest do traktowania pozosta\u0142ych uczestnik\u00f3w z szacunkiem. N\u0119kanie fizyczne lub s\u0142owne mo\u017ce skutkowa\u0107 usuni\u0119ciem z konwentu i zg\u0142oszeniem do odpowiednich s\u0142u\u017cb.&nbsp;<br>\n          <br>38. Zapisuj\u0105c si\u0119 do udzia\u0142u w konwencie uczestnik dobrowolnie wyra\u017ca zgod\u0119 na nieodp\u0142atne wykorzystanie jego wizerunku utrwalonego w formie fotografii lub zapisu wideo oraz udziela organizatorowi konwentu nieodp\u0142atnej licencji na wykorzystanie go na wszystkich polach eksploatacji, w tym: utrwalania i rozpowszechniania w dowolnej formie oraz wprowadzanie do pami\u0119ci komputera, wykorzystania do promocji i organizacji imprez organizowanych przez Muzeum \u0141u\u017cyckie w Zgorzelcu oraz Miasto Zgorzelec, zamieszczania i publikowania na promocyjnych materia\u0142ach drukowanych organizatora, w prasie, na stronach internetowych oraz w przekazach telewizyjnych i radiowych.&nbsp;<br>\n          <br>39. Uczestnikowi przys\u0142uguje prawo cofni\u0119cia zgody opisanej w pkt. 38. Cofni\u0119cie zgody odbywa si\u0119 poprzez wys\u0142anie do organizatora stosownej informacji na adres zkfzgorzelec@gmail.com\nWszelkie reklamacje mo\u017cna sk\u0142ada\u0107 w formie pisemnej najp\u00f3\u017aniej w terminie 14 dni od dnia zako\u0144czenia ZKF  na nast\u0119puj\u0105cy adres korespondencyjny Organizatora: Muzeum \u0141u\u017cyckie w Zgorzelcu, ul. Daszy\u0144skiego 15. 59-900 Zgorzelec lub na adres mailowy zkfzgorzelec@gmail.com, w obu wypadkach z dopiskiem Reklamacja \u2013 Zgorzelecki Konwent Fanastyczny&nbsp;<br>\n          <br>40. Organizator nie ponosi odpowiedzialno\u015bci za skutki dzia\u0142ania si\u0142y wy\u017cszej.\nW kwestiach nieuregulowanych powy\u017cszym regulaminem, zastosowanie maj\u0105 odpowiednie przepisy Prawa Cywilnego, Karnego lub Karno-Skarbowego obowi\u0105zuj\u0105cego na terenie RP.&nbsp;<br>\n          <br>41. Organizatorowi przys\u0142uguje prawo zmiany niniejszego Regulaminu, w szczeg\u00f3lno\u015bci z uwagi na potrzeb\u0119 zapewnienia prawid\u0142owego przebiegu ZKF oraz bezpiecze\u0144stwa Uczestnikom.&nbsp;&nbsp; \n        <\/p>\n      <\/div>\n    <\/section>\n    \n    \n    \n  \n","protected":false},"excerpt":{"rendered":"<p>REGULAMIN ZGORZELECKIEGO&nbsp; KONWENTU FANTASTYCZNEGO&nbsp; 1. Zgorzelecki Konwent Fantastyczny to festiwal mi\u0142o\u015bnik\u00f3w literatury, film\u00f3w,&nbsp; fantastyki oraz gier organizowany przez Muzeum \u0141u\u017cyckie w Zgorzelcu w ramach bud\u017cetu obywatelskiego miasta Zgorzelec.&nbsp; 2. Ka\u017cdy uczestnik Zgorzeleckiego Konwentu Fantastycznego (zwanego dalej ZKF) rejestruj\u0105c si\u0119 jako uczestnik akceptuje niniejszy regulamin i zobowi\u0105zuje si\u0119 jednocze\u015bnie przestrzega\u0107 jego warunk\u00f3w.&nbsp; 3. Ponadto uczestnik wyra\u017ca &hellip; <a href=\"https:\/\/www.zkf.zgorzelec.pl\/index.php\/regulamin-2\/\" class=\"more-link\">Continue reading<span class=\"screen-reader-text\"> &#8222;Regulamin&#8221;<\/span><\/a><\/p>\n","protected":false},"author":1,"featured_media":0,"parent":0,"menu_order":2,"comment_status":"closed","ping_status":"closed","template":"","meta":{"footnotes":""},"class_list":["post-668","page","type-page","status-publish","hentry"],"_links":{"self":[{"href":"https:\/\/www.zkf.zgorzelec.pl\/index.php\/wp-json\/wp\/v2\/pages\/668","targetHints":{"allow":["GET"]}}],"collection":[{"href":"https:\/\/www.zkf.zgorzelec.pl\/index.php\/wp-json\/wp\/v2\/pages"}],"about":[{"href":"https:\/\/www.zkf.zgorzelec.pl\/index.php\/wp-json\/wp\/v2\/types\/page"}],"author":[{"embeddable":true,"href":"https:\/\/www.zkf.zgorzelec.pl\/index.php\/wp-json\/wp\/v2\/users\/1"}],"replies":[{"embeddable":true,"href":"https:\/\/www.zkf.zgorzelec.pl\/index.php\/wp-json\/wp\/v2\/comments?post=668"}],"version-history":[{"count":2,"href":"https:\/\/www.zkf.zgorzelec.pl\/index.php\/wp-json\/wp\/v2\/pages\/668\/revisions"}],"predecessor-version":[{"id":696,"href":"https:\/\/www.zkf.zgorzelec.pl\/index.php\/wp-json\/wp\/v2\/pages\/668\/revisions\/696"}],"wp:attachment":[{"href":"https:\/\/www.zkf.zgorzelec.pl\/index.php\/wp-json\/wp\/v2\/media?parent=668"}],"curies":[{"name":"wp","href":"https:\/\/api.w.org\/{rel}","templated":true}]}}